e second derivative of 0*n**2 + 2*n + 1/6*n**3 + 1/8*n**4 + 0 + 1/40*n**5 - 1/360*n**6. Let u(w) be the second derivative of v(w). Calculate u(5).
-7
Let b be (0/3)/(-3 + 2). Let n(o) = o**2 - 7. What is n(b)?
-7
Suppose 0*k = -5*a + k - 30, 5*a + 35 = 2*k. Let w(v) = -v**2 - 5*v - 2. Let y be w(a). Let b = y - 1. Let p(s) = s**3 + 4*s**2 - 4. Determine p(b).
5
Suppose -2*f = 2, 3*f + 18 - 3 = 4*b. Let j(v) = v**3 - 4*v**2 + 5*v - 4. What is j(b)?
2
Suppose 10 = -3*h + 25. Let n be (5/(-2))/h*-6. Let c(l) = l. Determine c(n).
3
Let y(w) = -w**3 - 5*w**2 + 6*w + 5. Let z = -14 - -8. Give y(z).
5
Let z(g) = -g**3 + 11*g**2 - g - 2. Let t(d) = d**3 - 10*d**2 + d + 1. Let l(b) = 4*t(b) + 3*z(b). Determine l(7).
5
Let j be ((-4)/(-3))/(6/9). Suppose 2*a + j*y + 4 = -y, 5*a - 2*y - 9 = 0. Let t(q) = 6*q**3 + q**2 - q + 1. Give t(a).
7
Let z be 2/(-4) - (5 + -6). Let j(d) be the first derivative of z*d**2 + 1/4*d**4 + 1/3*d**3 + 2 - d. What is j(0)?
-1
Let u(d) = -d - 8. Let p be u(-9). Let r(o) = -p + 2 + 6 + o. What is r(-6)?
1
Suppose -o + 5*d = 4*o + 15, 0 = -2*o + 3*d - 9. Let v(n) be the third derivative of -n**4/24 - 2*n**2 - 50*n. What is v(o)?
0
Let k(f) = -f**3 + f**2 + f - 6. Let a(w) = w**2 - 5*w. Let h be a(5). What is k(h)?
-6
Let d(b) be the third derivative of -b**5/12 - b**3/6 - b**2. Suppose 4*g - 42 = -38. What is d(g)?
-6
Let o(k) = 7*k**3 - 11*k**2 + k - 11. Let i(s) be the first derivative of -s**4 + 2*s**3 - s**2/2 + 6*s + 3. Let f(l) = 5*i(l) + 3*o(l). Determine f(4).
5
Let d(a) = -a**2 + 2*a. Let f = 8 + 9. Suppose -5*z = -3 - f. Give d(z).
-8
Let y(j) = 13*j**3 + 1. Let r(z) = 64*z**3 + z**2 + z + 6. Let l(u) = 2*r(u) - 11*y(u). Give l(-1).
16
Let b(i) = 6*i + 1. Let n be b(-1). Let j(a) = -13*a + 10. Let x(w) = 2*w - 1. Let r(p) = -2*j(p) - 14*x(p). Determine r(n).
4
Let s(p) = 2*p**3 - 17*p**2 + 7*p + 5. Let l(j) = -j**3 + 9*j**2 - 4*j - 3. Let x(n) = -5*l(n) - 3*s(n). What is x(6)?
-6
Let g(o) = -3*o**2 + o - 4. Let j(s) = 3*s**2 - 2*s + 5. Let h(k) = 3*g(k) + 2*j(k). What is h(-2)?
-12
Let a(g) be the second derivative of -g**3/2 - 2*g**2 + 9*g. Calculate a(-4).
8
Let f be -1*(-4)/(3 - 1). Let q(p) be the second derivative of 1/12*p**4 - 1/20*p**5 - 1/2*p**2 + 0 - p - 1/3*p**3. Determine q(f).
-9
Let x(o) = -o**2 - 5*o - 3. Let q(u) = -u**3 + 4*u**2 + 4*u - 7. Let h be q(4). Suppose 0 = -3*f - k - 17, -2*f - h + 1 = 4*k. Calculate x(f).
-9
Let v(i) = 3*i**2 - i. Let n be v(1). Let r(o) = o**n + 2*o - 2*o - 2*o**2 + 1. What is r(1)?
0
Let w(r) be the third derivative of -r**7/2520 + r**6/720 + r**5/120 - r**4/4 + 5*r**2. Let f(q) be the second derivative of w(q). Give f(-1).
-1
Suppose -1 - 4 = 5*x. Let q(p) = p**3 + 4*p**2 + 3*p + 2. Let c be q(-3). Let r(n) = -2 - 8*n**2 + c + 1 + 2*n. Determine r(x).
-9
Let w(r) = -r**2 - 6*r + 6. Suppose -4*n - 30 = 5*j, -j - 5*n = 3*j + 24. Calculate w(j).
6
Let f(l) = 6*l - 9*l + 2*l - 6. Suppose z = -m + 4, z - 3*z + 3*m + 23 = 0. Let k = z + -12. Give f(k).
-1
Let l(y) = 2*y**2 + 7*y - 9. Let i(k) = k**2 + 3*k - 4. Let q(u) = -5*i(u) + 2*l(u). Calculate q(2).
-4
Let u(r) = -r**3 - 5*r**2 - 4*r. Let c be (-10)/(-8) + (-18)/(-24). Let d be (3 + -4)/(c/6). Determine u(d).
-6
Let b(q) = 10*q + 4. Let i(z) be the first derivative of -3 + 15/2*z**2 + 6*z. Let a(j) = 8*b(j) - 5*i(j). Give a(-2).
-8
Let b be 3/((-3)/(-7)) - 2. Suppose -2 + 1 = -m + 4*p, 4*m - b*p = 4. Let k(r) = 0*r**3 + r**3 - r**2 - m + 3. Calculate k(2).
6
Let i(q) = q**3 + 2*q**2 + 5*q + 9. Let n(c) = c**3 + 3*c**2 + 6*c + 10. Let x(d) = 7*i(d) - 6*n(d). Determine x(4).
-1
Let h(p) = 1 - 2 + 2*p**3 + p + 3*p**3 - 3*p**3 - p**2. Let x be (-30)/(-8) - 6/(-24). Suppose -4*b + x*q + 3 + 21 = 0, q + 1 = -4*b. Determine h(b).
1
Let t(o) = -4*o - 2*o**2 + 7*o**2 + 1 - 6*o**2. Suppose 32 = -m + 3*m. Suppose -m = z + 3*z. What is t(z)?
1
Let r(c) = -4 - 2*c + 2*c + 2*c. Let h be r(5). Let b be ((-2)/h)/((-3)/(-9)). Let g(u) = 6*u. Determine g(b).
-6
Let b(w) = -w**2 - 4*w - 9. Let r be -6*(3/(-6) - -1). Let i(a) = a**2 + 5*a + 8. Let j(u) = r*i(u) - 2*b(u). Calculate j(-6).
0
Let g(q) = 5 + 0 + q - 3 + 0*q. Let u(m) = -2*m - 5. Let z(x) = 9*g(x) + 4*u(x). Give z(0).
-2
Suppose -5*p = -52 - 63. Suppose 4*o - 3*q = 6 + 19, q = 5*o - p. Let v(d) = 2*d + 6*d - 1 - 2*d - d**2. Determine v(o).
7
Let w(m) be the third derivative of m**4/3 + m**3/6 + 7*m**2. Calculate w(-1).
-7
Let r(y) be the first derivative of y**3/3 + 5*y**2 - 8*y - 58. Give r(-10).
-8
Let a = -23 - -14. Let q be -1 - 2 - (a + 7). Let z(f) = 2*f. Calculate z(q).
-2
Let h(i) = -i + 140 - 140. Give h(5).
-5
Let j(i) = -57 + 63 + 5*i - 2*i. What is j(-4)?
-6
Suppose k + s = 7, 2*s + 21 + 7 = 4*k. Let z(d) be the first derivative of -d**2 + 6*d - 15. Determine z(k).
-8
Let d(f) be the second derivative of -f**3/6 - 7*f. Suppose 0 = 5*i + 5*u - 5, 2*i = 4*u + u - 19. Let j be (-2)/(-3)*(1 - i). Determine d(j).
-2
Let n(x) = -x**3 + 0 - 1 + 0*x**2 - 2*x + 2*x**2. Calculate n(2).
-5
Let w(q) = q - 3. Let l be (4/5)/((-4)/(-90)). Suppose -i = -2*o - 9, -7*o - l = -2*o + 2*i. Give w(o).
-7
Let l(g) be the second derivative of -g**3/6 - g**2 - 3*g. What is l(-7)?
5
Let w(p) = p**3 - 2*p**2 + 2*p + 1. Let q = 28 - 26. Give w(q).
5
Let j(r) = 5*r - 43. Let d be j(8). Let o(p) = 3*p + 6. Let v(b) = -2*b - 4. Let y(t) = 5*o(t) + 7*v(t). Calculate y(d).
-1
Let n(c) be the second derivative of c**3 + 0 - 1/12*c**4 - 6*c + 3/2*c**2. Give n(7).
-4
Let m(g) = -3*g**2 + 8*g - 5. Let a(x) = -x**2 + 3*x - 2. Let n(t) = -17*a(t) + 6*m(t). What is n(-5)?
-6
Let v = -84 + 83. Let j(b) = 7*b. What is j(v)?
-7
Let t(s) = s**2 + 5 + 1 - 5 + s. Let i = 3 - 3. Give t(i).
1
Let y(u) = -5*u + 2. Suppose 4*i + 22 = 5*t, -2*t = -t + 3*i + 7. What is y(t)?
-8
Let g be 1/(1/(6/2)). Let u(j) = j**2 - 3 - j - 4*j - 18*j**3 + 19*j**g. Give u(-3).
-6
Let t(z) = 8*z**2 + z**3 + 4*z**2 - 11*z**2 + 4. Calculate t(0).
4
Let x be 30/(-100)*2/(-72). Let z(f) be the third derivative of -1/60*f**5 - 1/24*f**4 - 2*f**2 + 0 - 1/6*f**3 - x*f**6 + 0*f. Determine z(0).
-1
Let v(s) = -7*s**3 + 2*s**2 + 5*s + 8. Let z(y) = -8*y**3 + 3*y**2 + 6*y + 9. Let i(r) = 7*v(r) - 6*z(r). What is i(-4)?
6
Let d(f) = -2*f**2 - 3*f**2 + 3*f + 4*f**2 + 0*f**2. Let n be d(3). Let u(a) = a + 11. Give u(n).
11
Let n(h) = -3*h + 2. Let y(v) = -15*v + 11. Let o(z) = 11*n(z) - 2*y(z). What is o(4)?
-12
Let x(u) = 15*u + 15. Let n(b) = 8*b + 8. Let v(l) = -11*n(l) + 6*x(l). Let r(d) = -d + 2. Let p be r(5). Let i = -5 - p. Calculate v(i).
-2
Let m(u) = u**3 + u**2 - 11. Let v be (-2 - 2/(-1))/(-2). Calculate m(v).
-11
Let y(w) = 1 + 8*w + 0*w - 5*w. What is y(4)?
13
Let n(u) = u + 9. Let t be n(-11). Let q(f) = -f**3 - f**2 - 3*f - 3. Calculate q(t).
7
Let a(t) = -t**2. Let w = -9 + 14. Suppose 1 = -w*o + 11. Calculate a(o).
-4
Suppose -w + 8 = -3*w. Let n(h) = -h**2 - 5*h - 1. Determine n(w).
3
Let x(i) = -2*i + 4 + 0*i + 2 + 3*i. Let l(o) = -o**2 + 5*o. Let a be l(5). Suppose a = k + 3 + 3. Give x(k).
0
Let t(i) = i**3 - 4*i**2 + 1. Let c be 1 - (-10)/4 - (-3)/6. Give t(c).
1
Let u be (-5 + -1)/(-2 - -1). Let x(q) = -q**3 + u + 6*q + 0*q**3 + 5*q**2 - 7. Give x(6).
-1
Let j = 8 - 7. Let i(b) = -5*b - 18. Let g(u) be the second derivative of -u**3/6 - u**2/2 - u. Let d(q) = j*i(q) - 6*g(q). Determine d(5).
-7
Let v(s) = -1 + 2 - 2*s**2 - 2*s + 4*s**2 + 457*s**3 - 466*s**3. Calculate v(1).
-8
Let t(d) = -2*d. Let k(n) = -2*n + n - 2 + n**2 + 5*n + 0*n. Let z be k(-4). Determine t(z).
4
Suppose -a - 9 = -h + 2, 0 = -a - 3. Let y = h + -4. Let r(p) = p**3 - 4*p**2 - p - 2. What is r(y)?
-6
Let b(y) be the first derivative of -y**2 + y - 2. Give b(-3).
7
Let m(o) = -158 + 158 + o. Give m(1).
1
Let b(k) be the second derivative of k**3/3 - k**2/2 + 3*k - 2. Calculate b(4).
7
Let o(y) be the first derivative of -6*y + 4*y**2 + 2 - 2*y**2 - 3*y**2 + 0*y**2. Let a = 4 - 8. What is o(a)?
2
Suppose 0 = -5*y + 2*j + 11, -3*y - 3*j - 3 = -j. Let q(v) = 8*v + 8. Let t(r) = -7*r - 7. Let o(w) = -6*q(w) - 7*t(w). Calculate o(y).
2
Let w = -2 - -2. Let s(x) = -x - 3. Let q(v) = 1. Let r(o) = -2*q(o) + s(o). Calculate r(w).
-5
Suppose 0*o = -l + 3*o - 10, -2*o + 18 = 5*l. Let j(s) = 2*s - 4. Let i(q) = -q + 2. Let v(t) = l*j(t) + 5*i(t). Determine v